603 + -7575. Let n be (42/(-3))/((-1)/4). What is the greatest common divisor of p and n?
28
Suppose 33*p - 112 = 26*p. Calculate the greatest common divisor of p and 24.
8
Let h = 4 + -3. Suppose -5*s = 5*u, -3*s + 6 = -4*s - 3*u. Suppose 0 = -5*w + 4*w + s*k - 9, 4*k = 16. Calculate the greatest common divisor of w and h.
1
Suppose 5*f = 129 + 396. What is the highest common factor of f and 245?
35
Let i(g) = g**2 - g + 14. Suppose -4*r + 28 = b, 3*r - 3*b + 0*b = 6. Let h be i(r). What is the highest common factor of h and 11?
11
Suppose 4*h + c - 2*c - 504 = 0, -3*h = -3*c - 378. Suppose 0 = y + 11*s - 8*s - 9, 0 = 2*y - 5*s - 51. Calculate the greatest common divisor of h and y.
18
Suppose -5*u - 4 = -39. Suppose 27 = u*v - 134. What is the highest common factor of v and 161?
23
Let v be (-28)/(-3)*21/14. Let s be (-3 + -3)*2/(-4). Let q be (-21)/(-1) + s + -3. Calculate the greatest common divisor of q and v.
7
Let q be ((-8)/3)/4*-195. Let y = 278 - 226. What is the highest common factor of y and q?
26
Let d = 89 - 133. Let a be d/(-66)*(2/(-2) + 103). What is the highest common divisor of 17 and a?
17
Suppose 1188 + 604 = 16*c. What is the greatest common divisor of c and 16?
16
Suppose 151 - 21 = -5*q. Let r(a) = -a**3 + 7*a**2 + 4*a - 7. Let b be r(6). Let s = b + q. What is the greatest common factor of 9 and s?
9
Suppose 0 = 21*l - 506 - 103. Suppose 4*h - 3*h - 52 = -3*d, 2 = -d. What is the highest common factor of h and l?
29
Let c = 36 - -339. What is the greatest common divisor of 15 and c?
15
Suppose 0 = 5*m - 1362 + 12. Let w(k) = k**2 - k - 3. Let j be w(3). Let l be ((-13)/j)/((-15)/m). What is the greatest common divisor of 26 and l?
26
Suppose -7*i + 304 = -88. Suppose 0 = 2*j - 2*w - i, -j + 3*w + 46 = 10. Calculate the highest common divisor of 6 and j.
6
Let g(p) = 11 + 18 + 30 - 3*p + 5. Let n be g(21). Let u be (6/7)/(2/14). What is the greatest common factor of u and n?
1
Suppose -s = 8 - 42. Suppose f - 6 = s. What is the greatest common factor of f and 60?
20
Let m = -43 + 81. Suppose 3*z - m = -n, 8 = 2*z - z + 5*n. Let f = -52 + 169. Calculate the highest common divisor of f and z.
13
Suppose 4*x - 3*j = -8, 17 = x + j + 3*j. Let s be -161 + 1 - (x + 3). Let t be s/(-14) + 10/35. Calculate the greatest common factor of t and 4.
4
Suppose 0*i - 3*i = 3*k + 15, 5*k - i = -13. Let n be (105/14)/(k/(-8)). Let f be n*14/(-16)*-4. Calculate the greatest common divisor of 10 and f.
10
Let m = -108 - -184. Let z be 3/6*(m - 4). What is the greatest common factor of z and 12?
12
Suppose -107 = -4*t + 37. Let n(w) = -36*w + 44. Let f be n(1). Calculate the greatest common factor of t and f.
4
Suppose 0 = 3*n - l - 13, 4*n = n + 3*l + 21. Let s(d) = 6 - n + 24*d - 2 - 9*d. Let a be s(6). Calculate the highest common factor of 13 and a.
13
Let u be (6/4)/(6/8). Suppose -j - j + 12 = p, 4*j = u*p + 16. Suppose -2*l - l + i = -20, 0 = 2*l + j*i + 15. What is the highest common factor of 55 and l?
5
Suppose -215*m + 217*m - 174 = 0. Calculate the highest common factor of 58 and m.
29
Suppose -b = -3*g + 322, 116 = 27*g - 26*g + 4*b. What is the highest common factor of 270 and g?
54
Suppose -2*c = -141 + 53. Let j(u) = -88*u**3 + u**2 - 1. Let l be j(-1). Calculate the highest common divisor of c and l.
44
Let l = 55 + 233. Calculate the highest common divisor of 64 and l.
32
Let f be 3/(-30)*-4 - (-446)/10. What is the greatest common factor of f and 480?
15
Let z(c) = -c - 21. Let u(q) = q + 20. Let x(r) = -2*u(r) - 3*z(r). Let g be x(10). Calculate the highest common factor of 11 and g.
11
Suppose 0 = -25*i + 61 + 39. What is the highest common divisor of 68 and i?
4
Let c be ((-468)/(-5))/(24/60). What is the greatest common divisor of c and 26?
26
Let s be (9 - 57)/((-3)/14). What is the greatest common divisor of s and 42?
14
Let k = -8 + 11. Let a(w) = -7*w + 23*w - 4 + k. Let z be a(4). Calculate the highest common divisor of 7 and z.
7
Suppose -2*c + 3050 = 5*d - 0*c, 25 = -5*c. What is the highest common factor of 136 and d?
68
Let j be 10/55*-1 + (-970)/(-11). Suppose 45 = -85*r + j*r. Calculate the highest common factor of r and 20.
5
Let h = -740 + 791. Let o(r) = r**3 - r. Let y be o(0). Suppose q - k = 2*k + 34, y = 3*k. What is the highest common factor of h and q?
17
Let f be 13 - 8 - (-5)/1. Let y(z) = -z**2 + 4*z + 62. Let o be y(f). What is the highest common factor of 1 and o?
1
Let t(h) = 2*h**2 + h - 6. Let f = 2 + 4. Let k be t(f). Let l = -18 + 36. What is the greatest common factor of l and k?
18
Let d(i) = -i + 21. Let o be d(18). Let a = 23 + 4. What is the greatest common divisor of a and o?
3
Let c be -2 - ((-56)/70)/(4/430). Let b be (6/4)/(2/c). Calculate the highest common divisor of b and 27.
9
Suppose 5*p + 79 = 4*i - 21, -4*i = 2*p + 40. Let d be p/90 - 128/(-9). Suppose -10 - d = -2*k. Calculate the greatest common factor of 48 and k.
12
Suppose -4*o + 4*f = -f - 30, 19 = 5*o + 3*f. Suppose o*w = w. Let i(u) = -u**2 + 57. Let v be i(w). What is the highest common divisor of 19 and v?
19
Let k be (-410)/(-45) + 2/(-18). What is the greatest common divisor of 117 and k?
9
Let l(d) = -8 + 2*d**3 + 3*d**2 - d**3 - 2 - 3*d - 9*d**2. Suppose -4*w + 3*w = -7. Let k be l(w). What is the highest common divisor of k and 9?
9
Suppose -9*d = 14 + 4. Let q = 19 - d. What is the highest common factor of q and 21?
21
Let q = 25 + -41. Let z be (-8)/q + (-3)/(-2). Suppose z*f + 32 = m - 3*f, -f = -2*m + 28. What is the highest common factor of m and 60?
12
Suppose -6*b = -b - 500. Suppose -s - 4*o + 32 = 0, 2*o = s - 3*o - 5. Calculate the greatest common divisor of s and b.
20
Suppose 3*m = -4*g + m + 320, 400 = 5*g + 2*m. Calculate the highest common divisor of 620 and g.
20
Let a(m) = 12*m**2 + 22*m**3 + 3*m - 15*m**3 - 10 - 8*m**3. Let u be a(12). What is the greatest common factor of u and 39?
13
Let i = -34 + 53. Suppose -r + 2*o - i = 13, -3*r + 4*o = 92. Let x be ((-30)/(-20))/((-2)/r). Calculate the greatest common factor of x and 231.
21
Let b(z) = -2*z - 14 + 6*z - 2*z. Let a be b(14). Calculate the highest common divisor of 112 and a.
14
Suppose -2*n = -3*n - 6. Let i be 36/2 - n/3. Let f be ((-1)/(-3))/(1/15). What is the greatest common factor of i and f?
5
Suppose 2*k + 3*b + 55 + 120 = 0, b = 4*k + 371. Let o = k - -102. Calculate the greatest common factor of 70 and o.
10
Let b be (-9)/5 + (-4448)/(-160). What is the greatest common factor of 403 and b?
13
Suppose l + 48 = 5*b + 3*l, 4*b + 2*l = 40. Let v = -31 + 12. Let f = v - -31. Calculate the greatest common factor of b and f.
4
Let m(q) = q**2 + 23*q + 155. Let v be m(-8). Suppose -278 - 2 = -y. What is the greatest common factor of y and v?
35
Let s be (-6)/(-4) - 50/12*-9. Calculate the highest common factor of s and 429.
39
Let z be 2/(-1) + 2 - -3. Suppose -z*f + 46 = -26. Suppose 7*v + 24382 = 24466. What is the highest common divisor of v and f?
12
Suppose -4*j - j + 40 = 0. Let r(o) = o**2 - 9*o + 18. Let v be r(j). Let y be (2 + (-9)/2)*-36. What is the greatest common divisor of y and v?
10
Suppose -3*t + 195 = 2*t. Let k be 4 + 9*20/(-15). Let j(s) = -s**2 - 10*s - 3. Let f be j(k). What is the greatest common factor of t and f?
13
Let u(h) = h**3 - h**2 - 2*h + 2. Let t be u(0). Let n be (2 - -8)/((-13)/(-6) - t). What is the highest common factor of 36 and n?
12
Let d(h) = 3*h**3 + h**2 - 2*h + 2. Let y be d(2). Let f = 1 + y. Calculate the highest common factor of 135 and f.
27
Let x = -7 - -2. Let u be x*(0 - (-2 + 6)). Let f(j) = -2*j**3 - 2*j + 4. Let m be f(-4). What is the highest common factor of u and m?
20
Suppose 3*b - 6*b = -12. Let h(o) = -o**2 - 9*o + 2. Suppose 2*w + w + 24 = 3*y, y + 8 = -w. Let a be h(w). What is the greatest common divisor of a and b?
2
Let a(z) = 3*z - 15 - z**2 - 27*z - 8. Let u be a(-18). Let c(x) = 17*x**2. Let n be c(-1). Calculate the greatest common factor of u and n.
17
Let a be (-16 + -2 + 16)/(2/(-1976)). Calculate the highest common factor of 104 and a.
104
Suppose 239 - 63 = 2*p. Calculate the greatest common divisor of 572 and p.
44
Suppose -2*m = -4*p - 66, -4*m + p = -3*p - 116. Suppose -2*n = 5*g - 96, -5*g + 3*n + m = -56. What is the greatest common divisor of g an